ctor of 18 and a.
18
Let i be (-10)/2*(18/(-30) + -7). Suppose -4*x - 47 + 237 = 5*s, -2*x - 76 = -2*s. Calculate the highest common divisor of s and i.
38
Let u be (-3 - (10 + 5))/(7/(-77)). Calculate the greatest common factor of u and 8250.
66
Suppose 0 = 4*v - 4*k + 20499 - 63575, -3*v - k = -32295. Calculate the greatest common divisor of 28 and v.
14
Suppose -487*a + 179 = -484*a - 4*j, 3*a + j - 199 = 0. What is the highest common factor of 533 and a?
13
Let r be (3/(-4))/((-3)/8). Let d(t) = -2*t**2 - 9 + 2*t**r - t**2 - 21*t + 13*t. Let o be d(-4). What is the highest common divisor of o and 63?
7
Let n be 9 - (15 - 0) - -2138. What is the greatest common factor of 416 and n?
52
Suppose -4*v + 255 = -8*w + 7*w, -2*v + w = -129. Calculate the highest common divisor of 651 and v.
21
Let h = 4997 - 3672. What is the greatest common factor of 25 and h?
25
Let h(x) be the second derivative of -206*x**3/3 + 4*x**2 + 3*x + 37. Let a be h(-2). Calculate the greatest common divisor of 52 and a.
52
Let q = 3793 - 3665. Calculate the greatest common divisor of 2176 and q.
128
Let f = 11884 + -2294. What is the highest common factor of 70 and f?
70
Suppose -6*z - 2 + 14 = 0. Suppose z*f + 3*k - 81 = 0, -2*f + 2*k + 51 + 15 = 0. Suppose -29*w - 146 = -2756. Calculate the greatest common factor of w and f.
18
Suppose -375*k = -396*k + 1087 - 373. Calculate the highest common factor of k and 1343.
17
Let m be 3670/10 + 6/2. Suppose 190 = -9*p + m. Calculate the highest common factor of 110 and p.
10
Let y = -18201 - -19449. What is the highest common divisor of 78 and y?
78
Let q = 17 + -10. Let u(a) = 3*a - 22. Let c be u(11). Suppose -3*h + c = -q. Calculate the highest common factor of 3 and h.
3
Suppose -5*d + 7 = -23. Let x be 1*(-2 - -1) + d. Suppose 0 = 4*l + x*z - 122 + 38, 3*z = -5*l + 118. Calculate the greatest common factor of l and 182.
26
Suppose 12*c - 3*s - 48 = 8*c, -5*s + 80 = 4*c. Suppose 42 = 16*m - c*m. Calculate the highest common factor of m and 18.
6
Let j(o) = o - 6*o + 2 + 3*o. Let h be j(-7). Suppose -8 = k - 12*y, -56*k + 53*k = -5*y - 38. Calculate the greatest common factor of h and k.
16
Suppose -3*y + 355 + 439 = 5*w, 2*w = -5*y + 1355. Let f = -268 + y. Calculate the greatest common divisor of 190 and f.
5
Let o = 90 + 102. Suppose -185*z = -o*z + 196. Calculate the highest common divisor of z and 4.
4
Let z = -19 + 31. Let o be (z/(-9))/(4/(-6)). Suppose -x + 21 - o = 0. What is the greatest common divisor of 209 and x?
19
Let o = -32 + 39. Suppose y + 14 = 2*y. What is the highest common factor of o and y?
7
Suppose o = -4*n + 48995, -10*n - 2*o = -12*n + 24510. Calculate the greatest common divisor of n and 98.
98
Suppose 13*a + 211 = 16. Let f(w) = -3*w**3 - 45*w**2 - 7*w - 9. Let q be f(a). What is the highest common factor of 36 and q?
12
Suppose 9*j + 397 - 2125 = 0. Suppose 2*l = -2*l - j. Let i = 58 + l. What is the greatest common factor of 30 and i?
10
Suppose -21*y + 808 + 452 = 0. Calculate the highest common factor of 1155 and y.
15
Let x = 684 + -129. Suppose -115 = -2*g - x. Let o = g + 418. What is the highest common factor of 18 and o?
18
Let k be (-2 + 24/6)*-1. Let u be (-29 - -31)*((-11)/k + -2). What is the highest common factor of u and 266?
7
Let r(x) = x**3 + 18*x**2 - 20*x - 29. Let u be r(-19). Let a be (u - 1)/((-38)/380). Calculate the greatest common factor of a and 20.
10
Suppose 2*c + 13*c = -0*c + 105. Calculate the greatest common factor of c and 1085.
7
Suppose 3*d = 3*u, -2*u + u + 2*d - 2 = 0. Suppose -u*t = -t - 2. Suppose t*a - 40 = -0*a. What is the highest common factor of 10 and a?
10
Let c = 70 - 190. Let q be (27/9)/(1 + 119/c). What is the greatest common divisor of 40 and q?
40
Let t be (-500)/(-1) - (7 - (-8 - 63/(-7))). Calculate the greatest common factor of 286 and t.
26
Let t(z) = -z**3 - 6*z**2 - 45*z - 130. Let p be t(-6). What is the highest common divisor of p and 3836?
28
Let r = 173 + -118. Suppose r + 55 = 2*i. Suppose -11 = -h + 2*m + 23, -164 = h + 31*m. What is the greatest common factor of i and h?
11
Suppose -34*t = 43801 - 149643. Calculate the greatest common factor of t and 44.
11
Suppose 69*j - 60 = 64*j. Let s = -84 - -276. What is the highest common divisor of s and j?
12
Let x be (-230)/92*(-9)/5*402. Calculate the greatest common divisor of 27 and x.
27
Let f be -3 + -2 + 3 - -2. Let o = 7 - f. Suppose 4*q - p = 138, -83 = -5*q - p + 94. Calculate the greatest common divisor of o and q.
7
Let y(l) = 2*l**3 + 2*l**2 - 5*l. Let u(x) = -5*x + 47. Let d be u(9). Let b be y(d). Calculate the greatest common factor of b and 224.
14
Let x be 6/(-69) + 12/276*7615. What is the greatest common factor of 36079 and x?
331
Let z be (-5 - (-7 - -1)) + 1 + -180. Let a = z + 204. Calculate the highest common factor of a and 650.
26
Let m = 506 - 549. Let f(h) = -7*h - 274. Let y be f(m). Calculate the highest common factor of 216 and y.
27
Suppose 5*x - 1198 + 68278 = 10*x. Calculate the highest common divisor of 208 and x.
104
Let i be -453 + -3 + 4 + -1 + 0. Let s = -445 - i. Calculate the greatest common factor of 32 and s.
8
Let s = 238 + -217. Let y be (-2)/(-11) - 293929/(-737). Calculate the greatest common divisor of y and s.
21
Let y be (-2)/8*-9*(16 + -8). Let x be 6*-5*(-20)/(-8). Let w = x - -84. Calculate the greatest common factor of w and y.
9
Let z = 27 - 40. Let m be (-1398)/(-39) + (-2)/z. Let c = -27 + m. Calculate the highest common factor of c and 81.
9
Let r(q) = -7*q**3 - 4*q**2 + 3*q + 3. Let x be r(-2). Suppose -8140 = h - 6*h. Suppose -b = -5*b + h. Calculate the highest common divisor of x and b.
37
Let n be 288/108*1/(1 + (-10)/12). What is the highest common divisor of 9808 and n?
16
Suppose -9*q = -4310 - 451. What is the greatest common divisor of q and 23?
23
Let n(g) = -21*g - 96. Suppose 0 = 4*r - 3*x + 118, -3*x + 25 = -r - 9. Let v be n(r). What is the greatest common divisor of 12 and v?
12
Let v(g) = 2*g**3 + 8*g**2 - 43*g + 33. Let x be v(4). What is the highest common divisor of x and 12168?
117
Suppose 5*w - w - 2580 = 0. Let c be (-920)/280*-7 + -8. What is the greatest common divisor of w and c?
15
Suppose -340 = -3*i + f, -9*f + 5*f - 16 = 0. What is the greatest common factor of 70 and i?
14
Let n(l) = l**3 - 22*l**2 + 40*l + 14. Let q be n(11). Let m = -573 - q. What is the greatest common divisor of 57 and m?
19
Suppose -14*v + 37 = -75. What is the highest common divisor of 488 and v?
8
Let v = -1055 - -9545. Calculate the greatest common divisor of 30 and v.
30
Let i be ((-2)/(-3))/((-2)/(-36)). Suppose -79 = -2*h + 2*v + 3*v, 47 = h + 5*v. Suppose 2*o - 78 = -h. What is the highest common divisor of i and o?
6
Suppose -5*f - h = -33, 5*f + 278*h = 276*h + 36. What is the greatest common factor of 1542 and f?
6
Suppose -7*g - 14*g + 9450 = 0. Let r be (g/(-35))/((-6)/28). Calculate the greatest common factor of r and 160.
20
Let i = -4740 + 8135. What is the highest common divisor of i and 35?
35
Let n be (-15)/(-9)*(-198)/(-110). Suppose -7*r = 4*l - 9*r - 802, -l + n*r = -203. What is the highest common factor of l and 40?
40
Let l = -46594 - -46631. What is the greatest common factor of l and 27121?
37
Let f(i) = -i**3 + i**2 + 3*i - 1. Let d be f(2). Let s be 4 - (d + 2/(-4))*-2. Calculate the highest common factor of 25 and s.
5
Let i = 6701 + -6637. What is the highest common factor of i and 18112?
64
Let k(s) be the first derivative of 3*s**2/2 - 5*s - 10. Suppose 160 - 4 = 26*p. Let z be k(p). Calculate the greatest common divisor of z and 91.
13
Let u be ((-724)/8 - -2)/(8 + 6090/(-760)). Calculate the greatest common divisor of u and 114.
114
Suppose 25 = 4*w - 47. Let s(g) = -5 - 8 - w*g + 13*g. Let i be s(-4). What is the highest common factor of i and 77?
7
Suppose -5*q - 5*h + 645 = 0, -520 = -5*q - 2*h + 140. Let x = q - 84. What is the highest common factor of 75 and x?
25
Suppose 3*k + 1403 = 5*a, -4*k = -a - 0*a + 284. Suppose 0 = -2*i + 78 - 8. What is the greatest common factor of a and i?
35
Let i(w) = -3*w**2 + 27*w - 19. Let j be i(8). Let m be (-261)/(-9) - j - -2. What is the highest common factor of m and 299?
13
Suppose 2028 + 2958 = 15*k + 1626. What is the highest common divisor o